{"id":142,"date":"2014-12-04T12:31:49","date_gmt":"2014-12-04T11:31:49","guid":{"rendered":"http:\/\/pribram.casd.cz\/?page_id=142"},"modified":"2015-03-01T14:37:41","modified_gmt":"2015-03-01T13:37:41","slug":"knihovna","status":"publish","type":"page","link":"https:\/\/pribram.casd.cz\/?page_id=142","title":{"rendered":"Studovna"},"content":{"rendered":"<h3><strong>\u00davahy <\/strong><\/h3>\n<p><strong>K zamy\u0161len\u00ed<br \/>\n<\/strong><\/p>\n<table>\n<tbody>\n<tr>\n<td width=\"311\"><strong><a href=\"http:\/\/casdpribram.sweb.cz\/Uvahy\/ExistujeBuh.htm\">Existuje B\u016fh?<\/a><\/strong><\/td>\n<td width=\"447\"><strong>\u00a0<a href=\"http:\/\/casdpribram.sweb.cz\/Uvahy\/Nad_udalostmi_z_11zari01.htm\">Zamy\u0161len\u00ed nejen nad ud\u00e1lostmi z\u00a011.9.2001<\/a><\/strong><\/td>\n<\/tr>\n<tr>\n<td width=\"311\"><strong><a href=\"http:\/\/casdpribram.sweb.cz\/Uvahy\/Evoluceversusstvoreni.htm\">Evoluce versus stvo\u0159en\u00ed<\/a><\/strong><\/td>\n<td width=\"447\"><strong>\u00a0<a href=\"http:\/\/casdpribram.sweb.cz\/Uvahy\/Osvobozovat_nespoutavat.htm\">Osvobozovat a nespout\u00e1vat <\/a><\/strong><\/td>\n<\/tr>\n<tr>\n<td width=\"311\"><strong><a href=\"http:\/\/casdpribram.sweb.cz\/Uvahy\/PUST.htm\">Co to je p\u016fst<\/a><\/strong><\/td>\n<td width=\"447\"><strong>\u00a0<a href=\"http:\/\/casdpribram.sweb.cz\/Uvahy\/O_modlitbe.htm\">O modlitb\u011b<\/a><\/strong><\/td>\n<\/tr>\n<tr>\n<td width=\"311\"><strong><a href=\"http:\/\/casdpribram.sweb.cz\/Uvahy\/Ukrizovani.htm\">Uk\u0159i\u017eov\u00e1n\u00ed<\/a><\/strong><\/td>\n<td width=\"447\"><strong>\u00a0<a href=\"http:\/\/casdpribram.sweb.cz\/Uvahy\/Zvirata_a_Buh.pdf\">Zv\u00ed\u0159ata a B\u016fh <\/a><\/strong><\/td>\n<\/tr>\n<tr>\n<td width=\"311\"><strong><a href=\"http:\/\/casdpribram.sweb.cz\/Uvahy\/ZakonXmilost.htm\">Vztah z\u00e1kona a milosti<\/a><\/strong><\/td>\n<td width=\"447\"><strong>\u00a0<a href=\"http:\/\/casdpribram.sweb.cz\/Uvahy\/Alkohol.pdf\">Alkohol v Bibli<\/a><\/strong><\/td>\n<\/tr>\n<\/tbody>\n<\/table>\n<p><strong>\u00a0 <a href=\"http:\/\/casdpribram.sweb.cz\/Uvahy\/Buh_netvori_%20skrze_evoluci.pdf\">Pro\u010d B\u016fh netvo\u0159il skrze evoluci?<\/a><\/strong><\/p>\n<h3><strong>Studium<\/strong><\/h3>\n<p><strong>N\u011bco z\u00a0teologie, biblistiky<\/strong><\/p>\n<table width=\"803\">\n<tbody>\n<tr>\n<td width=\"293\"><strong><a href=\"http:\/\/casdpribram.sweb.cz\/Studium\/Vyroky.htm.htm\">Z\u00e1kladn\u00ed v\u011brou\u010dn\u00e9 v\u00fdroky CASD<\/a><\/strong><\/td>\n<td width=\"510\"><strong><a href=\"http:\/\/casdpribram.sweb.cz\/Studium\/70tydnu.htm\">Kdy m\u011bl Mesi\u00e1\u0161 dle SZ p\u0159ij\u00edt? (Dan 9,24-27)<\/a><\/strong><\/td>\n<\/tr>\n<tr>\n<td width=\"293\"><strong><a href=\"http:\/\/casdpribram.sweb.cz\/Studium\/PESACH.htm\">Pesach (\u017eidovsk\u00e9 Velikonoce)<\/a><\/strong><\/td>\n<td width=\"510\"><strong><a href=\"http:\/\/casdpribram.sweb.cz\/Studium\/Krest_za_mrtve.htm\">K\u0159est za mrtv\u00e9 (1 Kor 15,29)<\/a><\/strong><\/td>\n<\/tr>\n<tr>\n<td width=\"293\"><strong><a href=\"http:\/\/casdpribram.sweb.cz\/Studium\/JHVH.htm\">P\u0159eklad hebrejsk\u00e9ho Bo\u017e\u00edho jm\u00e9na JHVH<\/a><\/strong><\/td>\n<td width=\"510\"><strong><a href=\"http:\/\/casdpribram.sweb.cz\/Studium\/Mluveni_v_jazycich.htm\">Mluven\u00ed v jazyc\u00edch<\/a><\/strong><\/td>\n<\/tr>\n<tr>\n<td width=\"293\"><strong><a href=\"http:\/\/casdpribram.sweb.cz\/Studium\/Reinkarnace.htm\">Co je to reinkarnace?<\/a><\/strong><\/td>\n<td width=\"510\"><strong><a href=\"http:\/\/casdpribram.sweb.cz\/Studium\/Biblicka_antropologie.htm\">Biblick\u00e1 antropologie (duch, du\u0161e, t\u011blo)<\/a><\/strong><\/td>\n<\/tr>\n<tr>\n<td width=\"293\"><strong><a href=\"http:\/\/casdpribram.sweb.cz\/Studium\/REIKI.htm\">Reiki &#8211; k\u0159es\u0165ansk\u00fd pohled<\/a><\/strong><\/td>\n<td width=\"510\"><strong><a href=\"http:\/\/casdpribram.sweb.cz\/Studium\/Role_Marie.htm\">Spoluspasiteln\u00e1 role Marie (Dr. Samuel Bacchiocchi)<\/a><\/strong><\/td>\n<\/tr>\n<tr>\n<td width=\"293\"><strong><a href=\"http:\/\/casdpribram.sweb.cz\/Studium\/Peklo.htm\">Peklo &#8211; co to je? (Dr. Samuele Bacchiocchi)<\/a><\/strong><\/td>\n<td width=\"510\"><strong><a href=\"http:\/\/casdpribram.sweb.cz\/Studium\/V%C3%A1lky%20SZ%20a%20B%C5%AFh%20l%C3%A1sky.pdf\">V\u00e1lky Star\u00e9ho z\u00e1kona a B\u016fh l\u00e1sky <\/a><\/strong><\/td>\n<\/tr>\n<tr>\n<td width=\"293\"><strong>\u00a0<\/strong><\/td>\n<td width=\"510\"><strong>\u00a0<\/strong><\/td>\n<\/tr>\n<\/tbody>\n<\/table>\n<p><strong>Z\u00a0c\u00edrkevn\u00edch d\u011bjin<\/strong><\/p>\n<p><strong><a href=\"http:\/\/casdpribram.sweb.cz\/Studium\/Malachias.htm\">Proroctv\u00ed sv. Malachi\u00e1\u0161e o pape\u017estv\u00ed (Dr. Samuel Bacchiocchi)<\/a><\/strong><\/p>\n<p><strong><a href=\"http:\/\/casdpribram.sweb.cz\/Studium\/From_Sabbath_To_Sunday.htm\">Od soboty k\u00a0ned\u011bli (Dr. Samuele Bacchiocchi) <\/a> <\/strong>!! DOPORU\u010cUJEME !!<\/p>\n<p><strong><a href=\"http:\/\/casdpribram.sweb.cz\/Studium\/Vyznaniviry.htm\">Vyzn\u00e1n\u00ed v\u00edry &#8211; kr\u00e9da &#8211; ve starov\u011bk\u00e9 c\u00edrkvi<\/a><\/strong><\/p>\n<p><strong><a href=\"http:\/\/casdpribram.sweb.cz\/Studium\/Historie\/Martin_Luther.htm\">Martin Luther a po\u010d\u00e1tky n\u011bmeck\u00e9 reformace<\/a><\/strong><\/p>\n<p><strong><a href=\"http:\/\/casdpribram.sweb.cz\/Studium\/Historie\/Tridentsky_koncil.htm\">Tridentsk\u00fd koncil (1545-1563) jako odpov\u011b\u010f na reformaci<\/a><\/strong><\/p>\n<p><strong><a href=\"http:\/\/casdpribram.sweb.cz\/Studium\/Historie\/Novokrtenci.htm\">Novok\u0159t\u011bnci v M\u00fcnsteru (1532-1535)<\/a><\/strong><\/p>\n<p><strong><a href=\"http:\/\/casdpribram.sweb.cz\/Studium\/Historie\/Majestat.htm\">Majest\u00e1t Rudolfa II. na n\u00e1bo\u017eensk\u00e9 svobody r. 1609<\/a><\/strong><\/p>\n<p><strong><a href=\"http:\/\/casdpribram.sweb.cz\/Studium\/Historie\/Rekatolizacni_patent.htm\">Rekatoliza\u010dn\u00ed patent Ferdinanda II. r. 1627<\/a><\/strong><\/p>\n<p><strong><a href=\"http:\/\/casdpribram.sweb.cz\/Studium\/Historie\/Tolerancni_patent_Josefa_II.htm\">Toleran\u010dn\u00ed patent Josefa II. r. 1781<\/a><\/strong><\/p>\n<p><strong><a href=\"http:\/\/casdpribram.sweb.cz\/Studium\/Historie\/1.vatik_koncil.htm\">Prvn\u00ed vatik\u00e1nsk\u00fd koncil (1869-1870)<\/a><\/strong><\/p>\n<p><strong><a href=\"http:\/\/casdpribram.sweb.cz\/Studium\/Historie\/Antimodernisticka.htm\">Text animodernistick\u00e9 p\u0159\u00edsahy Pia X. z r. 1910<\/a><\/strong><\/p>\n<h3><strong>K\u00e1z\u00e1n\u00ed<\/strong><\/h3>\n<p><strong>Ing. Teodor Knobloch\u00a0\u00a0\u00a0\u00a0\u00a0\u00a0\u00a0\u00a0\u00a0\u00a0\u00a0\u00a0\u00a0\u00a0\u00a0\u00a0\u00a0\u00a0\u00a0\u00a0\u00a0\u00a0\u00a0\u00a0\u00a0\u00a0\u00a0\u00a0\u00a0\u00a0\u00a0\u00a0\u00a0\u00a0\u00a0\u00a0\u00a0\u00a0\u00a0\u00a0\u00a0\u00a0\u00a0\u00a0\u00a0\u00a0\u00a0\u00a0\u00a0\u00a0\u00a0\u00a0\u00a0\u00a0\u00a0\u00a0\u00a0\u00a0\u00a0\u00a0\u00a0\u00a0\u00a0\u00a0\u00a0\u00a0\u00a0\u00a0\u00a0\u00a0 <\/strong><\/p>\n<p><strong><a href=\"http:\/\/casdpribram.sweb.cz\/Uvahy\/Strach_v_nasem_zivote.pdf\">Strach v\u00a0na\u0161em \u017eivot\u011b<\/a><\/strong><\/p>\n<p><strong>Mgr. Peter \u010c\u00edk<\/strong><\/p>\n<p><strong><a href=\"http:\/\/casdpribram.sweb.cz\/Uvahy\/Blahoslavenstvi1.htm\">Blaze chud\u00fdm v duchu (Mt 5,3)<\/a><\/strong><\/p>\n<p><strong><a href=\"http:\/\/casdpribram.sweb.cz\/Uvahy\/Blahoslavenstvi2.htm\">Blaze t\u011bm, kdo pl\u00e1\u010dou, nebo\u0165 oni budou pot\u011b\u0161eni (Mt 5,4)<\/a><\/strong><\/p>\n<p><strong><a href=\"http:\/\/casdpribram.sweb.cz\/Uvahy\/Blahoslavenstvi3.htm\">Blaze tich\u00fdm, nebo\u0165 oni dostanou zemi za d\u011bdictv\u00ed (Mt 5,5)<\/a><\/strong><\/p>\n<p><strong><a href=\"http:\/\/casdpribram.sweb.cz\/Uvahy\/Bartimaios.htm\">Slep\u00fd Bartimaios<\/a><\/strong><\/p>\n<p><strong>Mgr. Marta Markov\u00e1<\/strong><\/p>\n<p><strong><a href=\"http:\/\/casdpribram.sweb.cz\/Uvahy\/Iz%C3%A1kovy_studny.pdf\">Iz\u00e1kovy studny (Gn 26,1.12-30)<\/a><\/strong><\/p>\n<p><strong><a href=\"http:\/\/casdpribram.sweb.cz\/Uvahy\/Aron.htm\">\u00c1ron (Nu\u00a020,22-29) <\/a><\/strong><\/p>\n<p><strong><a href=\"http:\/\/casdpribram.sweb.cz\/Uvahy\/Jakobuv_navrat.htm\">J\u00e1kob\u016fv n\u00e1vrat (Gn 32,4-32)<\/a><\/strong><\/p>\n<p><strong><a href=\"http:\/\/casdpribram.sweb.cz\/Uvahy\/Jiftach.pdf\">Jift\u00e1chovo v\u00edt\u011bzstv\u00ed a prohra (Soudc\u016f 11) <\/a><\/strong><\/p>\n<p>&nbsp;<\/p>\n<p><strong>Pokud se chcete pod\u011blit s\u00a0va\u0161\u00edm vlastn\u00edm n\u00e1zorem, nebo m\u00e1te n\u011bjakou ot\u00e1zku \u010di p\u0159ipom\u00ednku, nev\u00e1hejte n\u00e1m je napsat na adresu:<\/strong><\/p>\n<p><a href=\"mailto:casdpribram@seznam.cz\">casdpribram@seznam.cz<\/a><\/p>\n","protected":false},"excerpt":{"rendered":"<p>\u00davahy K zamy\u0161len\u00ed Existuje B\u016fh? \u00a0Zamy\u0161len\u00ed nejen nad ud\u00e1lostmi z\u00a011.9.2001 Evoluce versus stvo\u0159en\u00ed \u00a0Osvobozovat a nespout\u00e1vat Co to je p\u016fst \u00a0O modlitb\u011b Uk\u0159i\u017eov\u00e1n\u00ed \u00a0Zv\u00ed\u0159ata a B\u016fh Vztah z\u00e1kona a milosti \u00a0Alkohol v Bibli \u00a0 Pro\u010d B\u016fh netvo\u0159il skrze evoluci? Studium N\u011bco z\u00a0teologie, biblistiky Z\u00e1kladn\u00ed v\u011brou\u010dn\u00e9 v\u00fdroky CASD Kdy m\u011bl Mesi\u00e1\u0161 dle SZ p\u0159ij\u00edt? (Dan 9,24-27)&hellip;<\/p>\n","protected":false},"author":1,"featured_media":0,"parent":0,"menu_order":0,"comment_status":"closed","ping_status":"closed","template":"","meta":{"ngg_post_thumbnail":0,"footnotes":""},"class_list":["post-142","page","type-page","status-publish","hentry"],"_links":{"self":[{"href":"https:\/\/pribram.casd.cz\/index.php?rest_route=\/wp\/v2\/pages\/142","targetHints":{"allow":["GET"]}}],"collection":[{"href":"https:\/\/pribram.casd.cz\/index.php?rest_route=\/wp\/v2\/pages"}],"about":[{"href":"https:\/\/pribram.casd.cz\/index.php?rest_route=\/wp\/v2\/types\/page"}],"author":[{"embeddable":true,"href":"https:\/\/pribram.casd.cz\/index.php?rest_route=\/wp\/v2\/users\/1"}],"replies":[{"embeddable":true,"href":"https:\/\/pribram.casd.cz\/index.php?rest_route=%2Fwp%2Fv2%2Fcomments&post=142"}],"version-history":[{"count":13,"href":"https:\/\/pribram.casd.cz\/index.php?rest_route=\/wp\/v2\/pages\/142\/revisions"}],"predecessor-version":[{"id":329,"href":"https:\/\/pribram.casd.cz\/index.php?rest_route=\/wp\/v2\/pages\/142\/revisions\/329"}],"wp:attachment":[{"href":"https:\/\/pribram.casd.cz\/index.php?rest_route=%2Fwp%2Fv2%2Fmedia&parent=142"}],"curies":[{"name":"wp","href":"https:\/\/api.w.org\/{rel}","templated":true}]}}