{"id":2,"date":"2014-10-28T12:37:15","date_gmt":"2014-10-28T12:37:15","guid":{"rendered":"http:\/\/pribram.casd.cz\/?page_id=2"},"modified":"2026-03-30T20:47:44","modified_gmt":"2026-03-30T18:47:44","slug":"zkusebni-stranka","status":"publish","type":"page","link":"https:\/\/pribram.casd.cz\/?page_id=2","title":{"rendered":"Bohoslu\u017eby"},"content":{"rendered":"<h4>&nbsp;<\/h4>\n<h4><strong>Pravideln\u00e9 bohoslu\u017eby se&nbsp;konaj\u00ed ka\u017edou sobotu od 9:30 h. na adrese: <\/strong><\/h4>\n<p><strong><a href=\"https:\/\/www.google.cz\/maps\/place\/%C4%8Ceskoslovensk%C3%A9+arm%C3%A1dy+5,+261+01+P%C5%99%C3%ADbram\/@49.6913008,14.0028879,17z\/data=!3m1!4b1!4m2!3m1!1s0x470b0e6ede85e2eb:0xbb4b6e19bae37a9b\">\u010ceskoslovensk\u00e9 arm\u00e1dy 5, P\u0159\u00edbram IV<\/a><br><\/strong><\/p>\n<h3><strong>Program bohoslu\u017eeb:<\/strong><\/h3>\n<h4>&nbsp;9:30&nbsp; &#8211; &nbsp; 9:50&nbsp; \u00favodn\u00ed p\u00edsn\u011b a ozn\u00e1men\u00ed<\/h4>\n<h4>&nbsp;9:50&nbsp;&nbsp;&#8211; 10:45&nbsp; studium Bible (sobotn\u00ed \u0161kola)<\/h4>\n<h4>10:45 &#8211; 11:00&nbsp; p\u0159est\u00e1vka<\/h4>\n<h4>11:10 &#8211; 12:00&nbsp;&nbsp;k\u00e1z\u00e1n\u00ed z Bo\u017e\u00edho slova<\/h4>\n<h3><strong>Rozpis slu\u017eeb a k\u00e1z\u00e1n\u00ed:&nbsp;<\/strong><\/h3>\n<p><img loading=\"lazy\" decoding=\"async\" class=\"alignnone size-full wp-image-2272\" src=\"http:\/\/pribram.casd.cz\/wp-content\/uploads\/2026\/03\/Rozpis-2Q.jpg\" alt=\"\" width=\"509\" height=\"504\" srcset=\"https:\/\/pribram.casd.cz\/wp-content\/uploads\/2026\/03\/Rozpis-2Q.jpg 509w, https:\/\/pribram.casd.cz\/wp-content\/uploads\/2026\/03\/Rozpis-2Q-300x297.jpg 300w, https:\/\/pribram.casd.cz\/wp-content\/uploads\/2026\/03\/Rozpis-2Q-150x150.jpg 150w, https:\/\/pribram.casd.cz\/wp-content\/uploads\/2026\/03\/Rozpis-2Q-50x50.jpg 50w\" sizes=\"auto, (max-width: 509px) 100vw, 509px\" \/><\/p>\n<p>&nbsp;<\/p>\n<p>&nbsp;<\/p>\n\n","protected":false},"excerpt":{"rendered":"<p>&nbsp; Pravideln\u00e9 bohoslu\u017eby se&nbsp;konaj\u00ed ka\u017edou sobotu od 9:30 h. na adrese: \u010ceskoslovensk\u00e9 arm\u00e1dy 5, P\u0159\u00edbram IV Program bohoslu\u017eeb: &nbsp;9:30&nbsp; &#8211; &nbsp; 9:50&nbsp; \u00favodn\u00ed p\u00edsn\u011b a ozn\u00e1men\u00ed &nbsp;9:50&nbsp;&nbsp;&#8211; 10:45&nbsp; studium Bible (sobotn\u00ed \u0161kola) 10:45 &#8211; 11:00&nbsp; p\u0159est\u00e1vka 11:10 &#8211; 12:00&nbsp;&nbsp;k\u00e1z\u00e1n\u00ed z Bo\u017e\u00edho slova Rozpis slu\u017eeb a k\u00e1z\u00e1n\u00ed:&nbsp; &nbsp; &nbsp;<\/p>\n","protected":false},"author":1,"featured_media":0,"parent":0,"menu_order":0,"comment_status":"open","ping_status":"open","template":"","meta":{"ngg_post_thumbnail":0,"footnotes":""},"class_list":["post-2","page","type-page","status-publish","hentry"],"_links":{"self":[{"href":"https:\/\/pribram.casd.cz\/index.php?rest_route=\/wp\/v2\/pages\/2","targetHints":{"allow":["GET"]}}],"collection":[{"href":"https:\/\/pribram.casd.cz\/index.php?rest_route=\/wp\/v2\/pages"}],"about":[{"href":"https:\/\/pribram.casd.cz\/index.php?rest_route=\/wp\/v2\/types\/page"}],"author":[{"embeddable":true,"href":"https:\/\/pribram.casd.cz\/index.php?rest_route=\/wp\/v2\/users\/1"}],"replies":[{"embeddable":true,"href":"https:\/\/pribram.casd.cz\/index.php?rest_route=%2Fwp%2Fv2%2Fcomments&post=2"}],"version-history":[{"count":4,"href":"https:\/\/pribram.casd.cz\/index.php?rest_route=\/wp\/v2\/pages\/2\/revisions"}],"predecessor-version":[{"id":2273,"href":"https:\/\/pribram.casd.cz\/index.php?rest_route=\/wp\/v2\/pages\/2\/revisions\/2273"}],"wp:attachment":[{"href":"https:\/\/pribram.casd.cz\/index.php?rest_route=%2Fwp%2Fv2%2Fmedia&parent=2"}],"curies":[{"name":"wp","href":"https:\/\/api.w.org\/{rel}","templated":true}]}}