{"id":395,"date":"2015-06-11T10:57:50","date_gmt":"2015-06-11T08:57:50","guid":{"rendered":"http:\/\/pribram.casd.cz\/?page_id=395"},"modified":"2024-09-16T23:22:45","modified_gmt":"2024-09-16T21:22:45","slug":"kalendar-akci","status":"publish","type":"page","link":"https:\/\/pribram.casd.cz\/?page_id=395","title":{"rendered":"Kalend\u00e1\u0159 akc\u00ed"},"content":{"rendered":"<p><strong>Rok 2024<\/strong><\/p>\n<h6><a href=\"https:\/\/pribram.casd.cz\/?p=2072\" rel=\"bookmark\">13.11. 2024 Klub Zdrav\u00ed-Moje cesta na Everest<\/a><\/h6>\n<h6><a href=\"https:\/\/pribram.casd.cz\/?p=2072\" rel=\"bookmark\">16.10 2024 Klub Zdrav\u00ed prosp\u011b\u0161nost vody<\/a>&nbsp;<\/h6>\n<h6><a href=\"https:\/\/pribram.casd.cz\/?p=2087\" rel=\"bookmark\">29.9. 2024 Bloud\u011bn\u00ed P\u0159\u00edbram\u00ed (9.ro\u010dn\u00edk)<\/a><\/h6>\n<h6><a href=\"https:\/\/pribram.casd.cz\/?p=2087\" rel=\"bookmark\">18.9. 2024 Klub Zdrav\u00ed \u2013 New start plus<\/a><\/h6>\n<h6><a href=\"https:\/\/pribram.casd.cz\/?p=2084\" rel=\"bookmark\">11.9. 2024 Den zdrav\u00ed v P\u0159\u00edbrami<\/a><\/h6>\n<h6><a href=\"https:\/\/pribram.casd.cz\/?p=2072\" rel=\"bookmark\">12.6. 2024 Klub Zdrav\u00ed \u2013 Jak p\u0159e\u017e\u00edt truchlen\u00ed<\/a><\/h6>\n<h6><a href=\"https:\/\/pribram.casd.cz\/?p=2069\" rel=\"bookmark\">15.5. 2024 Klub Zdrav\u00ed \u2013 L\u00e1ska a vztahy<\/a><\/h6>\n<h6><a href=\"https:\/\/pribram.casd.cz\/?p=2060\" rel=\"bookmark\">17.4. 2024 Klub Zdrav\u00ed \u2013 P\u00e1kist\u00e1n<\/a><\/h6>\n<h6><a href=\"https:\/\/pribram.casd.cz\/?p=2054\" rel=\"bookmark\">13.3. 2024&nbsp; Klub Zdrav\u00ed \u2013 V\u0161e na sv\u011bt\u011b m\u00e1 sv\u016fj \u010das<\/a><\/h6>\n<h6 class=\"post-2047 post type-post status-publish format-standard hentry category-nezarazene\"><a href=\"https:\/\/pribram.casd.cz\/?p=2047\" rel=\"bookmark\">4.2. 2024 Klub Zdrav\u00ed \u2013 St\u00e1rnout s \u00fasm\u011bvem<\/a><\/h6>\n<div class=\"entry-summary\">\n<h6>&nbsp;<\/h6>\n<\/div>\n<p><strong>Rok 2023<\/strong><\/p>\n<h6>15.3. 2023&nbsp;&nbsp;<a href=\"https:\/\/pribram.casd.cz\/?p=1915\" rel=\"bookmark\">Klub Zdrav\u00ed \u2013 P\u0159\u00edrodn\u00ed a bylinn\u00e1 l\u00e9\u010dba d\u00fdchac\u00edch cest<\/a><\/h6>\n<h6>12.4. 2023&nbsp;<a href=\"https:\/\/pribram.casd.cz\/?p=1947\" rel=\"bookmark\">Klub Zdrav\u00ed \u2013 D\u00e1v\u00e1m ti odpu\u0161t\u011bn<\/a>\u00ed<\/h6>\n<h6>&nbsp;26.4. 2023&nbsp;<a href=\"https:\/\/pribram.casd.cz\/?p=1951\" rel=\"bookmark\">Klub Zdrav\u00ed \u2013 Jarn\u00ed detoxikace pohybem<\/a><\/h6>\n<h6>17.5. 2023&nbsp;<a href=\"https:\/\/pribram.casd.cz\/?p=1962\" rel=\"bookmark\">Den Zdrav\u00ed v P\u0159\u00edbami<\/a><\/h6>\n<h6>18.10. 2023&nbsp;&nbsp;<a href=\"https:\/\/pribram.casd.cz\/?p=2015\" rel=\"bookmark\">Klub Zdrav\u00ed \u2013 odolnost a nezdolnost<\/a><\/h6>\n<h6>22.10. 2023&nbsp;<a href=\"https:\/\/pribram.casd.cz\/?p=2007\" rel=\"bookmark\">Bloud\u011bn\u00ed P\u0159\u00edbram\u00ed (8.ro\u010dn\u00edk)<\/a><\/h6>\n<h6>8.11. 2023&nbsp;&nbsp;<a href=\"https:\/\/pribram.casd.cz\/?p=2028\" rel=\"bookmark\">Klub Zdrav\u00ed \u2013 Ochrana pro srdce<\/a><\/h6>\n<p>&nbsp;<\/p>\n<p><strong>Rok 2022<\/strong><\/p>\n<h6 class=\"western\"><strong>2.10. 2022 Klub zdrav\u00ed &#8211; Rozhodovat se znamen\u00e1 \u017e\u00edt (P.Smolka)<\/strong><\/h6>\n<h6 class=\"western\"><strong>14.9. 2022 Klub zdrav\u00ed &#8211; Zdrav\u00fd a pohoda nen\u00ed n\u00e1hoda (J.Krynsk\u00e1)<\/strong><\/h6>\n<h6 class=\"western\"><strong>17.-19.8. 2022 Dotkni se nebe&nbsp;<\/strong><\/h6>\n<h6 class=\"western\"><strong>22.6. 2022 Klub zdrav\u00ed &#8211; Jak zvl\u00e1dat stres (Ivana Hlouchov\u00e1)<\/strong><\/h6>\n<h6 class=\"western\"><strong>13.6. 2022 Klub zdrav\u00ed- Jak se ve zdrav\u00ed do\u017e\u00edt vysok\u00e9ho v\u011bku (Dr. John Scharfenberg)<\/strong><\/h6>\n<h6 class=\"western\"><strong>20. 4. 2022 Klub zdrav\u00ed- Voda, zdroj \u017eivota (Pavel Smolka)<\/strong><\/h6>\n<p>&nbsp;<\/p>\n<h6 class=\"western\"><strong style=\"font-size: revert; color: initial;\">Rok 2021<\/strong><\/h6>\n<h6>26.9. Bloud\u011bn\u00ed P\u0159\u00edbram\u00ed (Pathfinder)<\/h6>\n<h6>22.9. Klub zdrav\u00ed &#8211; \u201eKonflikt, v\u00fdzva k prom\u011bn\u011b nebo k sebezni\u010den\u00ed?&#8220; (J.Krynsk\u00e1)<\/h6>\n<p>&nbsp;<\/p>\n<p><strong>Rok 2020<\/strong><\/p>\n<h6>15.1. Klub zdrav\u00ed &#8211; Jak uzdravit vztahy (J.Krynsk\u00e1)<\/h6>\n<h6>12.2. Klub zdrav\u00ed &#8211; Zdrav\u00e1 z\u00e1da (I.Hlouchov\u00e1)<\/h6>\n<h6>18.3. Klub zdrav\u00ed &#8211; Mozek a osobnost \u010dlov\u011bka (M.Moskala)<\/h6>\n<h6>Duben Klub zdrav\u00ed<\/h6>\n<h6>Kv\u011bten&nbsp;Klub zdrav\u00ed<\/h6>\n<p>&nbsp;<\/p>\n<p><strong>Rok 2019<\/strong><\/p>\n<h4>27.2. Klub zdrav\u00ed &#8211;&nbsp; Z\u00e1zra\u010dn\u00e1 sem\u00ednka (O. Libotovsk\u00e1)<\/h4>\n<h4>25.4. Den zdrav\u00ed na Dob\u0159\u00ed\u0161i + p\u0159edn\u00e1\u0161ka (R.\u017di\u017eka)<\/h4>\n<h4>2.5.&nbsp; Klub zdrav\u00ed Dob\u0159\u00ed\u0161 (R.\u017di\u017eka)<\/h4>\n<h4>9.5.&nbsp; Klub zdrav\u00ed Dob\u0159\u00ed\u0161 (R.\u017di\u017eka)<\/h4>\n<h4>29.5. Klub zdrav\u00ed &#8211; Vbo\u010den\u00fd palec a zborcen\u00e1 klenba (I.Hlouchov\u00e1)<\/h4>\n<h4>25.9. Klub zdrav\u00ed &#8211; New Start plus (J.Krynsk\u00e1)<\/h4>\n<h4>6.10. Bloud\u011bn\u00ed P\u0159\u00edbram\u00ed (Pathfinder)<\/h4>\n<h4>6.11. Klub zdrav\u00ed &#8211; &#8222;Prod\u00fdchejme se ke zdrav\u00ed\u201c (I.Hlouchov\u00e1)<\/h4>\n<h4>13.12. Charitativn\u00ed jarmark (DC ADRA)<\/h4>\n<p>&nbsp;<\/p>\n<p><strong>Rok 2018<\/strong><\/p>\n<h5>8. &#8211; 12.1. Svobodn\u011b d\u00fdchej 1 (P. Smolka + J. Libotovsk\u00fd)<\/h5>\n<h5>14.2. Klub zdrav\u00ed \u2013 Sp\u00e1nek a jeho poruchy (J.Krynsk\u00e1)<\/h5>\n<h5>19. &#8211; 23.3. Svobodn\u011b d\u00fdchej 2 (P. Smolka + J. Libotovsk\u00fd)<\/h5>\n<h5>16.5. Klub zdrav\u00ed \u2013 Ko\u0159enov\u00e1 zelenina (R.\u017di\u017eka)<\/h5>\n<h5>&nbsp;19.9. Klub zdrav\u00ed \u2013 Vliv emoc\u00ed na vznik nemoc\u00ed (R.Uhrin)<\/h5>\n<h5>&nbsp;23.9. Bloud\u011bn\u00ed P\u0159\u00edbram\u00ed (Pathfinder)<\/h5>\n<h5>11.10. SB &#8211; Kniha pro modern\u00edho \u010dlov\u011bka<\/h5>\n<h5>15.10. P\u0159edn\u00e1\u0161ka &#8211; Cesta ke vzniku \u010cSR (L.Svr\u010dek)<\/h5>\n<h5>18.10. SB &#8211; V\u00edce ne\u017e n\u00e1bo\u017eenstv\u00ed<\/h5>\n<h5>25.10. SB &#8211; Jistota v nejist\u00e9m sv\u011bt\u011b<\/h5>\n<h5>&nbsp;1.11. P\u0159edn\u00e1\u0161ka (P.Smolka)<\/h5>\n<h5>&nbsp;8.11. SB &#8211; Dar pro mne<\/h5>\n<h5>15.11 SB &#8211; Konec nespravedlnosti<\/h5>\n<h5>22.11. SB &#8211; Kdyby byl B\u016fh, tak by nedopustil<\/h5>\n<h5>28.11. Klub zdrav\u00ed &#8211; P\u00e9\u010de o zdrav\u00ed (J.Krynsk\u00e1)<\/h5>\n<h5>29.11. SB &#8211; Co se stalo d\u011bde\u010dkovi?<\/h5>\n<h5>&nbsp;6.12. SB &#8211; Desatero dnes<\/h5>\n<h5>13.12. P\u0159edn\u00e1\u0161ka (P.Smolka)<\/h5>\n<h5>20.12. SB &#8211; Co sv\u011bt pot\u0159ebuje pr\u00e1v\u011b te\u010f?<\/h5>\n<h6><span style=\"color: #330033;\"><span style=\"font-family: Calibri, sans-serif;\"><span style=\"font-size: medium;\">&nbsp;<\/span><\/span><\/span><\/h6>\n<p>&nbsp;<\/p>\n<p><strong>Rok 2017<\/strong><\/p>\n<h5>5.1. &#8211; 25.5 p\u0159edn\u00e1\u0161kov\u00fd cyklus Sv\u011btem BIBLE<\/h5>\n<h5>18. 9. Bloud\u011bn\u00ed P\u0159\u00edbram\u00ed (Pathfinder)<\/h5>\n<h5>20. 9.&nbsp; Klub Zdrav\u00ed &#8211; Hlubok\u00fd stabiliza\u010dn\u00ed syst\u00e9m (P. Smolka)<\/h5>\n<h5>19.10. p\u0159edn\u00e1\u0161ka &#8211; P\u0159edch\u016fdci reformace (M. Markov\u00e1)<\/h5>\n<h5>&nbsp;2. 11. p\u0159edn\u00e1\u0161ka &#8211; Martin Luther (L. Svr\u010dek)<\/h5>\n<h5>15.11. Klub Zdrav\u00ed &#8211; N\u00e1vrat k lu\u0161t\u011bnin\u00e1m (R. \u017di\u017eka)<\/h5>\n<h5>14.12. p\u0159edn\u00e1\u0161ka &#8211; Pokra\u010dovatel\u00e9 reformace (P. Smolka)<\/h5>\n<h5>&nbsp;<\/h5>\n<p>&nbsp;<\/p>\n<h4><strong>Rok 2016<\/strong><\/h4>\n<p>&nbsp;<\/p>\n<h4>3.11. &#8211; 15.12. (\u010dtvrtky) : p\u0159edn\u00e1\u0161kov\u00fd cyklus Sv\u011btem BIBLE<\/h4>\n<h4>14.12. (st\u0159eda) : Klub Zdrav\u00ed &#8211; Cukr nep\u0159\u00edtel zdrav\u00ed (A.Simakov\u00e1)<\/h4>\n<h4>16.11. (st\u0159eda) : Klub Zdrav\u00ed &#8211; Vysok\u00fd krevn\u00ed tlak (Z.Va\u0161\u00ed\u010dkov\u00e1)<\/h4>\n<h4>12.10. (st\u0159eda) : Klub Zdrav\u00ed &#8211;&nbsp; Aloe p\u0159\u00edrodn\u00ed l\u00e9\u010dba (M.Jan\u00e1kov\u00e1)<\/h4>\n<h4>18.9. (ned\u011ble): Bloud\u011bn\u00ed P\u0159\u00edbram\u00ed (Pathfinder)<\/h4>\n<h4>7.9. &nbsp;(st\u0159eda) : Den Zdrav\u00ed na Obo\u0159e<\/h4>\n<h4>9.6. (\u010dtvrtek) : P\u0159edn\u00e1\u0161ka &#8211; P\u0159\u00edb\u011bhy fotografi\u00ed (P.Bambousek)<\/h4>\n<h4>31.5. (\u00fater\u00fd) : P\u0159edn\u00e1\u0161ka &#8211; Jeron\u00fdm Pra\u017esk\u00fd (L.Svr\u010dek)<\/h4>\n<h4>25.5. (st\u0159eda) :&nbsp;Den s d\u011btmi &#8211; zdrav\u011b-\u017eiv\u011b-hrav\u011b&nbsp; ( R. Uhrin)<\/h4>\n<h4>28.4. (\u010dtvrtek) : P\u0159edn\u00e1\u0161ka &#8211; Okultismus kolem n\u00e1s (L.Hoda\u010d)<\/h4>\n<h4>27.4. (st\u0159eda) :&nbsp;Klub Zdrav\u00ed &#8211; Moje srdce z\u016fstalo v Banglad\u00e9\u0161i&nbsp;(M.Moskala)<\/h4>\n<h4>23.3. (st\u0159eda) :&nbsp;<span style=\"font-size: 13px;\">Klub Zdrav\u00ed &#8211; Vytrvalost&nbsp;(R.Uhrin)<\/span><\/h4>\n<h4>29.2. (st\u0159eda) :&nbsp;Klub Zdrav\u00ed &#8211; Praktick\u00e9 va\u0159en\u00ed (J.S.Mlynar\u010d\u00edk)<\/h4>\n<h4>11.2. (\u010dtvrtek) :&nbsp;P\u0159edn\u00e1\u0161ka &#8211; \u010ctvrt stolet\u00ed spolu&nbsp;(J+T.Tr\u00e1vn\u00ed\u010dkovi)<\/h4>\n<h4>14.1. (\u010dtvrtek) : P\u0159edn\u00e1\u0161ka &#8211; Isl\u00e1m, co je o n\u011bm dobr\u00e9 v\u011bd\u011bt (P.Novotn\u00fd)<\/h4>\n<h4>13.1. (st\u0159eda) : Klub Zdrav\u00ed &#8211; Nov\u00fd za\u010d\u00e1tek po V\u00e1noc\u00edch (J.Krynsk\u00e1)<\/h4>\n<p>&nbsp;<\/p>\n<p><strong>Rok 2015<\/strong><\/p>\n<h4>17.12. (\u010dtvrtek) : P\u0159edn\u00e1\u0161ka &#8211; V\u00e1noce, p\u016fvod a v\u00fdznam (P.Smolka)<\/h4>\n<h4>9.12. (st\u0159eda) : Klub Zdrav\u00ed &#8211; V\u00e1noce, nebo zvyky? (R.Uhrin)<\/h4>\n<h4>11.11. (st\u0159eda) : Klub zdrav\u00ed &#8211; Va\u0159en\u00ed jako z\u00e1bava (J.S.Mlynar\u010d\u00edk)<\/h4>\n<h4>5.11. (\u010dtvrtek) : P\u0159edn\u00e1\u0161ka &#8211; Co je to v\u00edra z pohledu Bible (T.Chmel)<br \/>\n15.10. (\u010dtvrtek) : P\u0159edn\u00e1\u0161ka &#8211; Historie a d\u016fv\u011bryhodnost Bible (L.Svr\u010dek)<\/h4>\n<h4>6.10. (st\u0159eda) : Klub zdrav\u00ed &#8211; Nordic Walking v praxi (Z.Hoffmanov\u00e1)<br \/>\n30.9. (st\u0159eda) : V\u00fdstava Zdrav\u00ed<\/h4>\n<p>24.6. (st\u0159eda) : Klub Zdrav\u00ed (A.Simakov\u00e1)<br \/>\n26.6. (\u010dtvrtek) : P\u0159edn\u00e1\u0161ka \u2013 Odkaz mistra Jana Husa (L.Svr\u010dek) KJD<br \/>\n17.5. (ned\u011ble) : ADRA den (KD P\u0159\u00edbram)<br \/>\n14.5. (\u010dtvrtek) : P\u0159edn\u00e1\u0161ka \u2013 \u017divot, n\u00e1hoda, nebo z\u00e1m\u011br (P.Koste\u010dka) KJD<br \/>\n13.5. (st\u0159eda) : Klub Zdrav\u00ed \u2013 Opora t\u011bla-kosti (J.Krynsk\u00e1) CK Lucie<br \/>\n15.4. (st\u0159eda) : Klub Zdrav\u00ed &#8211; Pohoda ve sv\u011bt\u011b pln\u00e9m stresu (T.Chmel) CK Lucie<br \/>\n9.4. (\u010dtvrtek) : P\u0159edn\u00e1\u0161ka \u2013 Na cest\u011b s Bohem (T.Chmel) KJD<br \/>\n26.3. (\u010dtvrtek) : P\u0159edn\u00e1\u0161ka \u2013 Skandalon velikonoc (P.Smolka) CK Lucie<br \/>\n18.2. (st\u0159eda) : Klub Zdrav\u00ed \u2013 Zdrav\u00e1 komunikace nejen v man\u017eelstv\u00ed (P+P. Smolkovi) CK Lucie<br \/>\n21.1. (st\u0159eda) : Klub Zdrav\u00ed \u2013 Nov\u00fd za\u010d\u00e1tek (J.Krynsk\u00e1) CK Lucie<\/p>\n","protected":false},"excerpt":{"rendered":"<p>Rok 2024 13.11. 2024 Klub Zdrav\u00ed-Moje cesta na Everest 16.10 2024 Klub Zdrav\u00ed prosp\u011b\u0161nost vody&nbsp; 29.9. 2024 Bloud\u011bn\u00ed P\u0159\u00edbram\u00ed (9.ro\u010dn\u00edk) 18.9. 2024 Klub Zdrav\u00ed \u2013 New start plus 11.9. 2024 Den zdrav\u00ed v P\u0159\u00edbrami 12.6. 2024 Klub Zdrav\u00ed \u2013 Jak p\u0159e\u017e\u00edt truchlen\u00ed 15.5. 2024 Klub Zdrav\u00ed \u2013 L\u00e1ska a vztahy 17.4. 2024 Klub Zdrav\u00ed \u2013&hellip;<\/p>\n","protected":false},"author":1,"featured_media":0,"parent":0,"menu_order":0,"comment_status":"closed","ping_status":"closed","template":"","meta":{"ngg_post_thumbnail":0,"footnotes":""},"class_list":["post-395","page","type-page","status-publish","hentry"],"_links":{"self":[{"href":"https:\/\/pribram.casd.cz\/index.php?rest_route=\/wp\/v2\/pages\/395","targetHints":{"allow":["GET"]}}],"collection":[{"href":"https:\/\/pribram.casd.cz\/index.php?rest_route=\/wp\/v2\/pages"}],"about":[{"href":"https:\/\/pribram.casd.cz\/index.php?rest_route=\/wp\/v2\/types\/page"}],"author":[{"embeddable":true,"href":"https:\/\/pribram.casd.cz\/index.php?rest_route=\/wp\/v2\/users\/1"}],"replies":[{"embeddable":true,"href":"https:\/\/pribram.casd.cz\/index.php?rest_route=%2Fwp%2Fv2%2Fcomments&post=395"}],"version-history":[{"count":5,"href":"https:\/\/pribram.casd.cz\/index.php?rest_route=\/wp\/v2\/pages\/395\/revisions"}],"predecessor-version":[{"id":2094,"href":"https:\/\/pribram.casd.cz\/index.php?rest_route=\/wp\/v2\/pages\/395\/revisions\/2094"}],"wp:attachment":[{"href":"https:\/\/pribram.casd.cz\/index.php?rest_route=%2Fwp%2Fv2%2Fmedia&parent=395"}],"curies":[{"name":"wp","href":"https:\/\/api.w.org\/{rel}","templated":true}]}}